ctors of t(g).
2
Suppose -2*h - 44 = -6*h. What are the prime factors of h?
11
Let y be 16 + (-2 - (-1 + 2)). Suppose 7 = -z - y. List the prime factors of 2/(-5) - 348/z.
17
List the prime factors of (2 - 271/(-4)) + 9/36.
2, 5, 7
Let y(u) = -u**3 - 25*u**2 - 55*u + 17. List the prime factors of y(-23).
2, 7
List the prime factors of -12 + 13 + 0 + 1.
2
Let k = 18 + -10. Let m be 4/(-6) + k/(-6). What are the prime factors of (-126)/(-12) - m/(-4)?
2, 5
Suppose -4*s + y = -1125, 2*s - 5*y + 815 = 5*s. List the prime factors of s.
2, 5, 7
Suppose 3*r = 13 + 56. Suppose -w + r = -6. What are the prime factors of w?
29
Let c(p) be the first derivative of p**2 + p - 1. Let o(y) = -2*y**2 - y + 1. Let j be o(0). What are the prime factors of c(j)?
3
Suppose -5*z + 7 = -8. Let y(x) = 0*x**2 + 2*x**2 - 2*x + z - x**3 + 2*x**2. What are the prime factors of y(2)?
7
Let d(o) = 2*o + 4. Let a = -29 - -49. Let q be 19/4 - 15/a. What are the prime factors of d(q)?
2, 3
Let t = 2 - -2. Suppose -g + t*g - 12 = 0. What are the prime factors of g?
2
Suppose -3*m = -t - 22, -3*m - 3*t + 18 = -0*m. List the prime factors of m.
7
Suppose 2*b = -0*b + 10, -3*a = 2*b - 19. Suppose a*w + 19 + 55 = 2*h, -2*w - 32 = 3*h. What are the prime factors of ((-1)/2)/(1/w)?
11
Suppose 0 = 3*n - 3, 4*n - 4 = 2*a - 30. List the prime factors of a.
3, 5
Let f be (4/8)/(3/6). Let l be 18 - (-2 + 1 + f). Let o = 28 - l. List the prime factors of o.
2, 5
Suppose -41 = f - 2*f. Suppose 4*t + 13 = f. What are the prime factors of t?
7
Let p be 0*(-2)/(-2) - 10. Let s be (p/(-4))/(5/10). Let m = s - -5. List the prime factors of m.
2, 5
Let a(m) = -m - 2. Let g be a(0). Let o be (g + 4)/((-4)/(-22)). Suppose -o = -5*f + 39. List the prime factors of f.
2, 5
Suppose -b - 6 = -4*b. List the prime factors of 18/(b - 5 - -5).
3
Let w(i) = -2*i + 3. Let r = 18 - 6. Suppose -5*k - j = r + 3, 0 = 3*k - 2*j + 22. List the prime factors of w(k).
11
Suppose 4*b = -b + 75. List the prime factors of b/6*4*2.
2, 5
Suppose -l = 3*l - 8. Suppose -135 = -5*c - 4*u, 5*c - 5*u - 135 = -l*u. What are the prime factors of c?
3
Suppose 0*g = 2*g - 228. What are the prime factors of g?
2, 3, 19
Let u(p) = -p**3 + 5*p**2 - p - 2. Let r = 13 + -10. List the prime factors of u(r).
13
Let t(q) = -2*q + 0*q + 2*q - 15 + q. Let d be t(8). Let m = d + 13. List the prime factors of m.
2, 3
Let q(i) = i**2 + 12*i + 13. What are the prime factors of q(-18)?
11
Suppose 2*q + l = 2*l + 94, -5*q - 4*l + 222 = 0. List the prime factors of q.
2, 23
Suppose -l - 76 = -197. What are the prime factors of l?
11
Suppose -7*z = -11*z + 164. List the prime factors of z.
41
What are the prime factors of (2/5 - 806/(-10)) + -2?
79
Let p be 1/(1/(-12))*-1. List the prime factors of (-2)/(-3)*p - 0.
2
Suppose 21 = -3*q - 4*l, -4*q + 2*q - 14 = -2*l. Let z(y) = y**2 + 3*y + 4. What are the prime factors of z(q)?
2
List the prime factors of 1/(4/8) + 4.
2, 3
Let y(n) = 30*n**2 + 7*n + 1. List the prime factors of y(-3).
2, 5
Let d(b) = 16*b + 15. Let a(u) = -3*u - 3. Let v = -6 + 4. Let y(h) = v*d(h) - 11*a(h). What are the prime factors of y(9)?
2, 3
Suppose 0 = 7*m - 11*m + 248. List the prime factors of m.
2, 31
Let z be -2 + 1 + 2 + -1. Let h = z - -5. List the prime factors of h.
5
What are the prime factors of 2/(40/36)*5?
3
Let w = -2 - -3. Let q be w/(-3) - (-5)/(-3). What are the prime factors of -5*-1*(-2)/q?
5
Let l = -8 - -5. Suppose 7*y - 19 = 9. Let r = y - l. List the prime factors of r.
7
Let b be (-160)/6 - 1/3. Let w = 93 - 111. What are the prime factors of (-4)/w - 102/b?
2
Let p = 23 + 1. Suppose 4*m = -3*l + p, l = 2*l + 5*m - 19. Suppose -s - l*a = 9, 0 = 4*a - 2*a + 10. List the prime factors of s.
11
List the prime factors of (23 - (1 + 3)) + 0.
19
Let x(l) = -l**2 + 31. Let u be x(0). Let z = -16 + u. List the prime factors of z.
3, 5
What are the prime factors of (-1)/(1282/1932 - (-32)/(-48))?
2, 7, 23
Suppose 0 = -3*p - h - h - 4, 0 = 4*p + 2*h + 4. Suppose -3*v + 15 + 15 = p. List the prime factors of v.
2, 5
List the prime factors of (-5 - 76)/(1/(-2)).
2, 3
Let g(y) = 9*y**2 - 2*y - 1. Let x(i) = 4*i**2 - 2*i**3 - i + 0*i + 3*i**3 - 5. Let j be x(-4). What are the prime factors of g(j)?
2, 5
Let y = -23 + 28. List the prime factors of y.
5
Let l be 970/30 - 1/3. Suppose 3*y - l = 34. What are the prime factors of y?
2, 11
Suppose 16 = 2*u + 2*u, 0 = 5*m - 3*u + 2. Suppose 12 = m*o + 4. Suppose -o*h + 26 = 4*l - 10, 5*h - 31 = 2*l. List the prime factors of h.
7
Let h be 1 + -3 + 4 + 2. Suppose 2*y - 6*m = -2*m + 24, 0 = -y + h*m + 10. Let a = 23 - y. What are the prime factors of a?
3
Let v = -14 - -8. Let p = 9 + v. Suppose 4*y = 2*y - 4*c + 12, 0 = -5*y + p*c + 17. List the prime factors of y.
2
Suppose 0 = -b - 0*b - 4. Let t = 11 - b. List the prime factors of (-50)/t*(-9)/2.
3, 5
Suppose 4*s - 3*s = -17. Let l = 41 + s. What are the prime factors of l?
2, 3
Let b(p) be the first derivative of p**2/2 + 10*p + 2. Suppose 5*k = 2*f - 0*k - 15, -k - 3 = -4*f. What are the prime factors of b(f)?
2, 5
List the prime factors of (3/(-6) - 1) + 57/2.
3
Let u(v) = -v + 11. Let c be u(6). Suppose 0 = -s - 3*l - c, 5*s - 5*l - 3 = -8. What are the prime factors of s*((-6)/(-3) - 3)?
2
Suppose 3*t - 3*b - 9 = 6*t, -3*b - 23 = -4*t. List the prime factors of t.
2
Let f be (-6)/4 + (-3)/(-6). Let t(l) = -2*l**3 + l + 1. Let x be t(f). Suppose -16 = -2*g - x*g. What are the prime factors of g?
2
Let j = 92 + -88. What are the prime factors of j?
2
What are the prime factors of (-2)/6 + (-500)/(-15)?
3, 11
Let d(o) = o**3 + 8*o**2 + 2*o + 11. Let y = 17 + -25. Let f be d(y). Let a = f - -10. List the prime factors of a.
5
Let q(v) = v**3 - 5*v**2 + 6*v - 4. Let h be q(4). Suppose 4*x = -2*o + 28, -17 = -x + o - 4. Suppose 5*l = h*l + x. What are the prime factors of l?
3
Let c = 113 - -145. List the prime factors of c.
2, 3, 43
Let v(q) = -q**3 + 8*q**2 + 8*q + 11. Let t be v(9). What are the prime factors of 9/t*64/24?
2, 3
Let f be 25/1*1*4. Suppose 0*k - 4*k + f = 0. Suppose 0 = -5*c + k + 30. What are the prime factors of c?
11
Let k(r) = -2 - 1 - r - 1. Let w be k(-6). Suppose w*v - 36 = -v. List the prime factors of v.
2, 3
Let q(g) = g**3 + g**2 + g - 70. Let p be q(0). List the prime factors of 20/p + 102/14.
7
Suppose -5*s + 8 = 3*r, 2*s - 5*r - 24 = -r. Let j be 0 + 2 + s*8. Let d = j + -21. List the prime factors of d.
13
Suppose z + 45 = 5*j - 2*z, -27 = -3*j + 2*z. Suppose -w + j = -5*l + 2*w, w - 1 = l. What are the prime factors of ((-9)/l)/(-1) + 11?
2
Let q(h) be the first derivative of 2*h**2 - h + 1. List the prime factors of q(2).
7
Suppose 3*a + 14 = 4*b, -4*a - b + 3*b = 2. Let j = 7 - a. What are the prime factors of j?
5
Let s(t) = -t**3 + 4*t**2. Let a be s(4). Suppose 0 = -4*v + 2*w - 3*w + 104, a = -4*v + 4*w + 84. List the prime factors of v.
5
Let d = 89 + 45. List the prime factors of d.
2, 67
Let a be -4*12/(-32)*2. Suppose a*m - 94 = -1. What are the prime factors of m?
31
Let d = -3 - -2. Let h be 2*d/(-2) - -2. Suppose -h*x - 4 = -25. What are the prime factors of x?
7
Suppose 14 = 3*z - 40. List the prime factors of z.
2, 3
Let z be (-21)/(-6) + (-1)/(-2). Suppose z*k = 7 + 1. What are the prime factors of k?
2
Let y(t) = 2*t**2 - 3*t. What are the prime factors of y(2)?
2
Suppose f + 3*w - 4*w - 5 = 0, 4*w + 20 = 0. Let l be f/((-2 - 0)*1). Suppose -39 = -3*z - l*z. What are the prime factors of z?
13
Let k = -13 + 30. What are the prime factors of k?
17
Let d be 10/6 - 32/48. Let p = d + 9. List the prime factors of p.
2, 5
Let n(c) = c**3 + 7*c**2 - 10*c - 8. Let w = -11 + 3. What are the prime factors of n(w)?
2
Let c(m) = m**3 - 2*m**2 - 3*m - 4. Let a be c(3). Let s(f) = -f - 7. Let v be s(-12). Let u = v - a. What are the prime factors of u?
3
Let x = 182 - 106. List the prime factors of x.
2, 19
List the prime factors of 10/(-35) + (-195)/(-21).
3
Let g be (12/(-3 - 0))/(-1). Suppose -5*b = 4*l - 59, g*l + 3*b - 53 - 8 = 0. List the prime factors of l.
2
Let x(n) = -n**2 + 24*n + 24. What are the prime factors of x(17)?
11, 13
Let m = 16 + -8. Let k = m + 11. Suppose -k = -q - 0*x - 3*x, -5*x = -3*q + 15. What are the prime factors of q?
2, 5
Suppose 4*u + 0 + 4 = 